t v(w) = 7*d(w) - 6*n(w). List the prime factors of v(s).
13
Let l(r) = 47*r**2 + 101*r - 1. List the prime factors of l(-6).
5, 7, 31
Suppose z = -347 + 850. Let n = z - 241. List the prime factors of n.
2, 131
Suppose 5*n - 34 = 6. Let l = n + 9. Let p = -8 + l. List the prime factors of p.
3
Let x(s) = -s**2 + 26*s - 53. Let d be x(24). List the prime factors of (-1 - 3)/((-80)/15 - d).
2, 3
List the prime factors of (-2)/(-11) - (-15115)/55.
5, 11
Let o(j) be the third derivative of j**6/120 + 2*j**5/15 - j**4/2 - j**3/6 - 5*j**2. What are the prime factors of o(-8)?
5, 19
Let c(i) = 24*i**2 + 10*i + 11. List the prime factors of c(-7).
1117
Suppose 9*o - 12*o = 39. Let b = o - -20. What are the prime factors of b?
7
List the prime factors of (-4)/6 + (3172/6 - 0).
2, 3, 11
Let i be (-2 - -1)/(17/(-13991)). Let j = i + -578. List the prime factors of j.
5, 7
Let v = -54 - -63. Let w = v - -83. What are the prime factors of w?
2, 23
Let j(n) = -n**2 - 57*n + 10. List the prime factors of j(-41).
2, 3, 37
Let o = 4315 + -1089. What are the prime factors of o?
2, 1613
Let y(w) = 2*w**2 - 9*w - 36. List the prime factors of y(-18).
2, 3, 43
Let h(p) = -p**2 - 6*p - 6. Let c = -17 + 13. Let w be h(c). Suppose -3*d = 3*m - 54, -38 = -w*m + 3*d - 6*d. List the prime factors of m.
2
Let b(s) = s**2 + 4*s + 5. Let t be b(-7). Let j = t - 22. Suppose y + 4*y + 195 = 5*g, -3*g = -j*y - 112. List the prime factors of g.
2, 11
Let z be (-1 - -7)*4/(-8). Let a be 163/z + (-4)/(-12). What are the prime factors of (-12)/a + 583/9?
5, 13
Let t be (35/(-2))/((-1)/(-2) + -1). Suppose -t - 56 = -7*b. List the prime factors of b.
13
Suppose -562 + 1658 = -8*t. Let d = 221 + t. What are the prime factors of d?
2, 3, 7
Let b(k) = k**3 - k**2 - k + 4. Let o be b(5). Let g = -45 + o. List the prime factors of g.
2, 3
Let l(c) = -c**3 + 19*c**2 + 62*c + 9. List the prime factors of l(18).
3, 7, 23
Suppose h + 3*h + 12 = 0. Let u be (h/(-9))/((-3)/117). Let n(z) = -z**2 - 14*z + 18. List the prime factors of n(u).
31
Suppose -3*v = -3 + 147. Let c = 99 + v. List the prime factors of c.
3, 17
What are the prime factors of (18/(-54))/((-1)/2298)?
2, 383
Let p = 2422 - 1476. List the prime factors of p.
2, 11, 43
Let h = 78 + -6. Let w = h - 33. List the prime factors of w.
3, 13
Let j(p) = 3*p**2 + 19*p - 78. What are the prime factors of j(7)?
2, 101
Let f(h) = 9*h - 3. Suppose 5*c - 30 = -20. What are the prime factors of f(c)?
3, 5
Let y be 30*((-5)/(-2) - (4 - 2)). Let p(r) = r**3 + 5*r**2 + 5*r + 6. Let t be p(-4). Suppose 2*a = f + y, -a - t*a = 3*f - 45. List the prime factors of a.
2, 5
Let p = -1 - -8. Let b(d) = -17*d - 20*d**2 - 29 + 24 - d**3 + p*d**2. List the prime factors of b(-12).
5, 11
What are the prime factors of (-82346)/(-266) + (-3)/(-7)?
2, 5, 31
Let q(v) = -v - 12. Let d be q(-8). Let t = 6 + d. Suppose -16 = -4*y + 5*o - o, y - t*o = 0. List the prime factors of y.
2
Suppose 2*b = -3*b. Suppose 0*d - d + 49 = b. What are the prime factors of d?
7
Let z(r) = r**3 - 9*r**2 - 44*r + 35. List the prime factors of z(16).
1123
Let v be (-1 + 143/3)*(-8 + 11). Let s = v + -75. What are the prime factors of s?
5, 13
Suppose 0 = -130*l + 142*l - 37536. What are the prime factors of l?
2, 17, 23
Let x(r) = 55*r - 8. What are the prime factors of x(1)?
47
Suppose 327 = 23*c - 20*c. Suppose 0 = 2*v + c - 259. List the prime factors of v.
3, 5
Suppose -2*d = 4*g - 11586, 8288 = 5*g + 4*d - 6190. List the prime factors of g.
2, 3, 7, 23
Let h(b) = b**3 + 13*b**2 - 3*b. Let f(d) = -3*d**2 - 2*d + 3. Let k be f(2). Let c be h(k). What are the prime factors of (-6)/c - (-628)/26?
2, 3
Suppose 4775 = -27*o + 32*o. List the prime factors of o.
5, 191
Suppose 4*z - 39 - 45 = -u, 5*z = 4*u - 231. List the prime factors of u.
2
List the prime factors of 8779/9 - (-68)/(-153).
3, 5, 13
Let k(h) = h**3 + 10*h**2 + 8*h - 7. Let q be k(-9). Suppose -5*u = 5*l - 25, -2*l + 5 = u + q. Suppose 3*m + 28 = u*m. What are the prime factors of m?
7
Suppose 2*j - 6*j = -8. Suppose 49 = j*n + 5*n. Let o = n + 6. What are the prime factors of o?
13
List the prime factors of 2*611*(5 + -8 + 4).
2, 13, 47
Let r be 21/(-14)*4/(-3). Suppose -r*y = -4*c + 16, 5*y + 5*c - 4*c = 4. Suppose y = 3*b - 24 - 15. What are the prime factors of b?
13
Suppose 4*a + 5*u = 2370, 2497 - 109 = 4*a - 4*u. What are the prime factors of a?
5, 7, 17
Let l = 70 - 69. Let f(h) be the third derivative of 7*h**6/30 - h**5/30 + h**4/24 + h**2. List the prime factors of f(l).
3
Let m(f) = -2*f + 8. Suppose 2*a - 5 = 5*j, a - 6*a - 10 = -5*j. What are the prime factors of m(j)?
2, 7
Suppose 26279 = -64*c + 75*c. What are the prime factors of c?
2389
Let t(q) = q**2 + 3*q - 1. Let l be t(-3). List the prime factors of ((-16)/(-10))/(l/(-50)).
2, 5
Let a = -398 - -815. Let k = a + -287. What are the prime factors of k?
2, 5, 13
Suppose 53*w = 65*w - 9552. List the prime factors of w.
2, 199
Suppose w - 182 = -p, -15*p = -10*p + 4*w - 910. List the prime factors of p.
2, 7, 13
Suppose 444 = -100*w + 104*w. Suppose -11*m = -331 + w. List the prime factors of m.
2, 5
Let s = 43 - 22. Let j = s - -46. What are the prime factors of j?
67
Let j = -342 - -903. What are the prime factors of j?
3, 11, 17
Let n(u) be the first derivative of u**3/3 - 9*u**2/2 + 3*u + 38. Let p = -5 - -14. List the prime factors of n(p).
3
Let t = 23 - 16. Let n(h) = 2*h**2 + 97*h + 147. Let i be n(-47). Let j = t + i. List the prime factors of j.
13
Let g = -948 + 1470. List the prime factors of g.
2, 3, 29
Let b = 2 - 4. Let s be ((-10)/(-15))/(b/6). List the prime factors of (2/(-2))/(s/50).
5
Let q = -37 + 42. Let p(f) = 7*f**3 - 14*f**2 + 3*f + 1. Let x(c) = 4*c**3 - 7*c**2 + 2*c + 1. Let y(s) = -3*p(s) + 5*x(s). What are the prime factors of y(q)?
3, 19
Let q(a) = -13 + 2*a - 5*a + 2*a. Let j be q(-5). What are the prime factors of -1*(3*j + -3)?
3
Suppose -3*f = -2*f - 882. Suppose -6*j = -f + 348. What are the prime factors of j?
89
Let c(l) = 27*l**2 + 5*l - 82. List the prime factors of c(7).
2, 11, 29
Suppose 103*c = 3*j + 100*c - 7398, j + 4*c = 2451. What are the prime factors of j?
3, 821
Let t = 599 + -442. What are the prime factors of t?
157
Let y(q) = q**3 + 15*q**2 + 9*q + 9. Let x = 54 + -68. What are the prime factors of y(x)?
79
What are the prime factors of 45/(-90) - ((-1007)/2 - 0)?
503
Let a = 1040 + -725. Suppose 5*i = -0*i + a. List the prime factors of i.
3, 7
Let j be 275/33 + (-2)/(-3). Let o = 82 + j. What are the prime factors of o?
7, 13
Let z(r) = -98*r + 27. List the prime factors of z(-5).
11, 47
Let m(n) be the third derivative of -5*n**4/8 - 11*n**3/6 + 6*n**2. What are the prime factors of m(-5)?
2
Let r = -178 - -123. What are the prime factors of (-3509)/r - 1/(-5)?
2
Let r(z) be the first derivative of 1/3*z**3 + 7 + 5*z + 0*z**2. List the prime factors of r(-5).
2, 3, 5
Let f(v) = 35*v**3 + 3*v**2 + 7*v - 47. What are the prime factors of f(4)?
2269
Let v(q) be the third derivative of -q**3/6 - 3*q**2. Let p(d) = 22*d**2 + 5. Let y(c) = 3*p(c) + 15*v(c). What are the prime factors of y(1)?
2, 3, 11
Suppose -2*c + 16 = 2*c. Suppose -5*z + c*b = -12, 4*b - 16 = -2*z - 0*b. Suppose w + z*w - 105 = 0. List the prime factors of w.
3, 7
What are the prime factors of 2556/10*(-55)/(-22)?
3, 71
Suppose -206 = -7*o + 683. List the prime factors of o.
127
Suppose p + 3*d = -p - 3, -4*p + 4*d = 36. Let r be (140/15)/((-1)/p). List the prime factors of 304/7 + (-24)/r.
43
Let b(m) = -m**3 + 4*m**2 - 15*m - 44. List the prime factors of b(-6).
2, 7, 29
Suppose 0 = -0*s - 2*s. Suppose s = -z + 2*z + 9. Let t = z - -15. What are the prime factors of t?
2, 3
Let i = -22 - -39. What are the prime factors of (-85)/i*-1*2?
2, 5
Let x(f) = 41*f**2 - 14*f + 36. What are the prime factors of x(4)?
2, 3, 53
Let d be 462/(-55)*(-2)/6*-5. Let q = 80 - d. List the prime factors of q.
2, 47
Suppose -8*q + 18*q - 4250 = 0. What are the prime factors of q?
5, 17
Suppose 5*j - 7*j = -2*t - 88, -4*t + 118 = 2*j. Let d = -3 - -24. Let v = j - d. What are the prime factors of v?
2, 7
Let j be (-4)/(-2) + 2 - 8/8. Suppose 4*o + 6*t = 5*t + 61, -2*o - j*t + 23 = 0. What are the prime factors of o?
2
Suppose 0 = -2*t + 39 + 1